Let b(u) = -u**2 + 10*u + 1. Let d be b(10). Is (d + 2)/((-3)/(-38)) a prime number?
False
Suppose -5*f = -16*f + 18227. Is f composite?
False
Suppose 5*a - 1118 = 5*z + 5872, -4*z - 4 = 0. Is a prime?
False
Is 100/(-1)*(-3)/12 composite?
True
Let h = -4 - -15. Let g be (0 - 0)*(-8)/(-8). Suppose -x - 5*b + h = g, -3*x - 2*b + 14 = -19. Is x prime?
True
Suppose 5*b - 4*p = 0, b = 3*p - 6*p. Suppose 3*y + 6 = b, 3*g - 96 - 83 = y. Is g a prime number?
True
Is ((-36)/21 - -2) + 14542/14 composite?
False
Suppose 0 = 3*z - 12*z + 5013. Is z prime?
True
Is ((-762)/8)/(6/(-16)) prime?
False
Suppose -4*g + 40 = -4*b, 14 + 6 = g - 3*b. Suppose 0*f + g*t + 585 = 2*f, -890 = -3*f - 5*t. Is f composite?
True
Suppose 0*w - 52197 = -3*w. Suppose -4*g - 2*n + 23194 = 0, g + 2*g - w = 2*n. Is g/27 - 6/(-27) a prime number?
False
Suppose 2*p - 4*p = 4. Is 2 - (6 + p) - -85 a prime number?
True
Let t be ((-2051)/14)/(1/(-2)). Is ((-4)/(-2) + -1)*t a composite number?
False
Suppose -4*g + 6 = -g. Suppose -g*j = -7*j - 160. Let l = -13 - j. Is l a composite number?
False
Let z(k) = -k**3 + 3*k**2 + 6*k - 3. Let n be z(4). Suppose -n*c - 4*d + 171 = -260, 5*d = -5*c + 435. Is c a composite number?
False
Suppose -220 = -4*f + 84. Suppose -h = 2*w - f, -3*h = 5*w - h - 189. Is w a prime number?
True
Suppose 0 = 5*w + 10, -h = -3*w - 8 - 0. Suppose -2*n + 116 = h*n. Suppose 3*p + 5*v = 41 + n, 45 = 2*p + 3*v. Is p a composite number?
True
Let o(n) = -n**3 + 10*n**2 + 2*n + 2. Is o(10) a prime number?
False
Let i be (-2)/(-7) - (-4)/(-14). Suppose -2*f + 4*d = -22, i = 6*f - 2*f + d + 1. Is 2 - (f*-73 + -2) composite?
True
Is 508/20 + 2/(-5) a prime number?
False
Let d = 378 - 216. Let h = d + -17. Is h prime?
False
Let m(t) = -t**3 - t**2 - t + 6. Let u be m(-6). Suppose 230 = 2*j - u. Is j a prime number?
True
Suppose -2*g + 12 = g. Suppose 5*v - 16 = g. Suppose 0 = v*s - 60 + 8. Is s a composite number?
False
Let f = -103 + 188. Is f composite?
True
Suppose -11*t = -3*t - 3512. Is t a prime number?
True
Let b(x) = 4*x**2 + 10*x - 3. Is b(-14) composite?
False
Suppose -3*y - 4 = y. Is -134*3/6*y prime?
True
Let g(t) = -2*t**2 + 3*t + 3. Let x be g(3). Is 1278/27*x/(-4) composite?
False
Let c(n) = 3*n**3 - 2*n**2 - 2*n - 1. Let x be c(5). Let g = x + 53. Is g a composite number?
False
Let w be (-2)/2 - (-1 + -37). Suppose 0 = -2*h - 2*q + q + 7, 0 = 4*h - 4*q - 8. Let r = w - h. Is r composite?
True
Let c = 27 - -3. Suppose 8*f - 11*f + c = 0. Is f composite?
True
Suppose 525 = 2*p + 3*p. Suppose 0*c + 4*m = c - 45, 2*c - p = 5*m. Is c a prime number?
False
Let j = -118 - -617. Is j prime?
True
Suppose -3*w + 10323 = 4*r - 18188, -w = r - 9504. Is w prime?
False
Let x be (-18)/24 - 631/(-4). Suppose q = 2*q - x. Is q a prime number?
True
Let c(b) = b**3 - 3*b - 1. Let w be c(-2). Let p be (-1)/((-3)/(-2))*w. Suppose -2*x - 154 = -2*j, 3*x = -p*j + 117 + 22. Is j composite?
True
Suppose -5*g + 5*w + 15 = 0, -2*w - 1 = 4*g + 5. Suppose g = -h + 6. Let v(l) = l + 1. Is v(h) a prime number?
True
Suppose -4*w + 3334 = 2*h, 3294 = 2*h - 8*w + 4*w. Suppose -5*r = 4*x - h, -2*r + x = r - 984. Is r a prime number?
False
Is 221/3*(-9)/(-3) a prime number?
False
Suppose 0 = -11*g + 16171 + 8370. Is g prime?
False
Suppose u = 3*u - 4. Suppose 127 = -w + u*w. Is w a composite number?
False
Let m = 1 - -14. Suppose -s = -m - 16. Let o = s - 0. Is o a prime number?
True
Let g(w) = w**3 - 12*w**2 + w - 12. Let i be g(12). Suppose -5*r + 200 = -o - i*o, -3*o = r + 648. Let z = 334 + o. Is z a composite number?
True
Let m = 221 - 127. Let c = m + -140. Let g = 83 + c. Is g a composite number?
False
Let h(q) = q**3 + q**2 + 2*q - 3. Let x = 18 + -16. Is h(x) a prime number?
True
Suppose -2*r - 3 - 1 = 0. Let q(w) = -5*w**3 - 3*w**2 - 5*w - 4. Is q(r) a prime number?
False
Suppose -2*k - 182 = -2*b + 2*k, 3*b = -2*k + 241. Is b prime?
True
Let h be 5/(15/(-18)) - 0. Let k = 9 + h. Suppose -4*x - 144 = 4*g - 632, -k*g + 359 = -4*x. Is g a prime number?
False
Let v(s) be the second derivative of -5*s**3/6 - 9*s**2/2 - 2*s. Is v(-6) a prime number?
False
Let g(r) = -3*r + 12 - 1 - 9*r - r**3 - 9*r**2. Let o(z) = z**3 - z**2 - 9. Let p be o(0). Is g(p) a prime number?
False
Let w(h) = 2*h**3 + 9*h**2 + h - 8. Let u(o) = 5*o**3 + 18*o**2 + 2*o - 16. Let q(d) = -3*u(d) + 7*w(d). Is q(6) prime?
False
Suppose 33*q - 32*q = 2815. Is q a composite number?
True
Suppose 1313 = u + 426. Is u composite?
False
Let v = -62 - -231. Is v a prime number?
False
Suppose 2*w - 6*w + 20 = 0. Suppose 5*s - 24 = -3*h + 17, 0 = -3*h - 3*s + 33. Suppose 4*a - w = h. Is a composite?
False
Let j = 274 + -96. Is j a prime number?
False
Let n(q) = -q**2 - 8*q - 5. Let s(w) = w - 15. Let x be s(8). Let p be n(x). Suppose 0 = p*j - d - 63, -2*d + 3*d = -5*j + 168. Is j prime?
False
Let x(z) = 13*z + 43. Is x(16) a composite number?
False
Let o(s) = 3*s**3 - 4*s**2 + s + 3. Let q(z) = -8*z**3 + 11*z**2 - 2*z - 9. Let r(t) = -11*o(t) - 4*q(t). Let y = -11 + 8. Is r(y) a prime number?
False
Let h(v) = v**3 + 6*v**2 + 4*v - 9. Let y be h(6). Is 1/(-1 - -4)*y a composite number?
False
Is -4*(2/(-10))/((-44)/(-24365)) composite?
False
Let d(u) be the third derivative of u**4/24 + 85*u**3/6 - u**2. Suppose 0 = -6*l + 2*l. Is d(l) prime?
False
Suppose -4*f = 5*w - 45, 2*w + 10 = f + 3*w. Suppose 0 = 4*t, 3*i + t - 165 = f*t. Is i composite?
True
Let u be 0 + 1 + (-60 - -1). Let j(b) = -b**2 + 6*b - 9. Let z be j(6). Let m = z - u. Is m a composite number?
True
Suppose -3*v = -3*b - 15, -5*b + 4*v - 33 = v. Let i be b/(-6) + 1/2. Suppose 4*q = -c - 3*c + 100, -4*q = i*c - 54. Is c a composite number?
False
Let z(s) be the second derivative of 5*s**4/6 - s**3/3 - s**2/2 + 2*s. Is z(-1) composite?
False
Let k(o) = o**3 - 3*o**2 + 3*o - 1. Let z be k(2). Let j(v) = 128*v - 1. Is j(z) a composite number?
False
Suppose -5*l - 4*h + 12027 = 1786, 8192 = 4*l + 4*h. Is l prime?
False
Suppose -2*u = 3*t + 26, -u = -3*t - 6*u - 38. Let f be (t/15)/((-2)/2300). Is 2/(-9) - f/(-45) a prime number?
False
Let i be 6*(-1*2)/(-2). Let g = i - 3. Suppose -g*h + h = 6, -45 = -4*v + 3*h. Is v composite?
True
Suppose 3*p - 2*s - 59 = -0, 0 = p + s - 18. Is p composite?
False
Suppose -4*t + s = -2207, -2*t - 5*s + 2790 = 3*t. Is t a prime number?
False
Let o be (-12)/(-54) - (-2930)/18. Is o + (5 - 2) + 1 prime?
True
Let w(c) = c**3 + 3. Let a be w(-3). Let q = 50 + a. Is q composite?
True
Let h(l) = l**3 + 2*l**2 - 10*l + 19. Let j(v) = v**2 - 3*v + 6. Let o = -4 - 3. Let d(a) = o*j(a) + 2*h(a). Is d(3) composite?
True
Suppose 0 = 7*g + 2*g - 1341. Is g prime?
True
Let l(u) = u. Let b be l(0). Suppose b*h - 159 = -3*h. Is h prime?
True
Let r(b) = 8*b**2 - 4*b + 6. Let t be r(-6). Let s = t + -227. Is s composite?
True
Suppose 0 = -6*o - 3*o + 1341. Is o prime?
True
Let v = 341 - 104. Is v prime?
False
Let u(j) = j**2 - 14*j + 25. Is u(18) composite?
False
Suppose -4*p - 4 = 2*n + 10, -p - 5 = n. Let l be (102/4)/(p/(-4)). Let i = l - 14. Is i a prime number?
True
Suppose n + 2*n - 18 = 0. Let g = n - 8. Is (-7)/((g - -5)/(-15)) prime?
False
Let q(c) = -14*c**3 - 2*c**2 - c. Is q(-1) prime?
True
Suppose -5*o - b = -10, 4*o - 5*b + 16 = -b. Let s(p) = 257*p**3 - p**2 + p. Is s(o) a prime number?
True
Suppose -2*y - 6*b = -2*b + 20, 20 = -5*y - 4*b. Suppose y = v - 14 - 25. Is v composite?
True
Let n(h) = -58*h + 13. Is n(-7) a prime number?
True
Let d = -241 + 1104. Is d a composite number?
False
Is (-3)/1*1 + 13 + 67 prime?
False
Let z = -532 + 914. Is z composite?
True
Suppose 2*m + 10 = -5*w, -4*w - 2 - 6 = -2*m. Suppose m = 3*p - 5*p + 8. Suppose 0 = 3*g - u - 2*u - 426, 0 = p*g - 5*u - 567. Is g prime?
False
Suppose -3*h + 4*u = -168, -5*u + 168 = 3*h - u. Suppose 2*x - 5*x - 2*s = -33, 5*x + 3*s = h. Is x a prime number?
True
Let u = -345 - -500. Is u a prime number?
False
Suppose -v + 1 = -2*v. Let d be (5/5)/(v/(-5)). Suppose o + 2*f = -4*o + 87, -2*o = -d*f - 58. Is o prime?
True
Suppose 3*m - 100 = -19. Let r = -16 + m. Is r a prime number?
True
Let s(n) = -n**2 - n + 2. Let t be s(-3). Let q(h) = -3 + 4*h**3 + 5*h**2 - 7*h**3 + 4*h**3. Is q(t) a composite number?
False
Let a(c) = -4*c**2 - 5*c + 7*c - 2*c + 2. Let n(s) = s**2. Let j